{"id":433,"date":"2023-06-26T11:47:31","date_gmt":"2023-06-26T09:47:31","guid":{"rendered":"https:\/\/latelierdemady.be\/?page_id=433"},"modified":"2023-06-30T17:02:47","modified_gmt":"2023-06-30T15:02:47","slug":"professionnels","status":"publish","type":"page","link":"https:\/\/latelierdemady.be\/index.php\/professionnels\/","title":{"rendered":"PROFESSIONNELS"},"content":{"rendered":"\t\t<div data-elementor-type=\"wp-page\" data-elementor-id=\"433\" class=\"elementor elementor-433\">\n\t\t\t\t\t\t\t\t\t<section class=\"elementor-section elementor-top-section elementor-element elementor-element-d1f7422 elementor-section-boxed elementor-section-height-default elementor-section-height-default\" data-id=\"d1f7422\" data-element_type=\"section\">\n\t\t\t\t\t\t<div class=\"elementor-container elementor-column-gap-default\">\n\t\t\t\t\t<div class=\"elementor-column elementor-col-100 elementor-top-column elementor-element elementor-element-304b50e\" data-id=\"304b50e\" data-element_type=\"column\">\n\t\t\t<div class=\"elementor-widget-wrap elementor-element-populated\">\n\t\t\t\t\t\t\t\t<div class=\"elementor-element elementor-element-f64a929 elementor-widget elementor-widget-image\" data-id=\"f64a929\" data-element_type=\"widget\" data-widget_type=\"image.default\">\n\t\t\t\t<div class=\"elementor-widget-container\">\n\t\t\t<style>\/*! elementor - v3.14.0 - 26-06-2023 *\/\n.elementor-widget-image{text-align:center}.elementor-widget-image a{display:inline-block}.elementor-widget-image a img[src$=\".svg\"]{width:48px}.elementor-widget-image img{vertical-align:middle;display:inline-block}<\/style>\t\t\t\t\t\t\t\t\t\t\t\t<img loading=\"lazy\" decoding=\"async\" width=\"1000\" height=\"668\" src=\"https:\/\/i0.wp.com\/latelierdemady.be\/wp-content\/uploads\/2023\/06\/gaufre-au-sucre-pack-ingredients-Latelier-de-mady.jpg?fit=1000%2C668&amp;ssl=1\" class=\"attachment-large size-large wp-image-441\" alt=\"\" srcset=\"https:\/\/i0.wp.com\/latelierdemady.be\/wp-content\/uploads\/2023\/06\/gaufre-au-sucre-pack-ingredients-Latelier-de-mady.jpg?w=1000&amp;ssl=1 1000w, https:\/\/i0.wp.com\/latelierdemady.be\/wp-content\/uploads\/2023\/06\/gaufre-au-sucre-pack-ingredients-Latelier-de-mady.jpg?resize=300%2C200&amp;ssl=1 300w, https:\/\/i0.wp.com\/latelierdemady.be\/wp-content\/uploads\/2023\/06\/gaufre-au-sucre-pack-ingredients-Latelier-de-mady.jpg?resize=768%2C513&amp;ssl=1 768w, https:\/\/i0.wp.com\/latelierdemady.be\/wp-content\/uploads\/2023\/06\/gaufre-au-sucre-pack-ingredients-Latelier-de-mady.jpg?resize=174%2C116&amp;ssl=1 174w\" sizes=\"auto, (max-width: 1000px) 100vw, 1000px\" \/>\t\t\t\t\t\t\t\t\t\t\t\t\t\t\t<\/div>\n\t\t\t\t<\/div>\n\t\t\t\t<div class=\"elementor-element elementor-element-53851d1 elementor-widget elementor-widget-heading\" data-id=\"53851d1\" data-element_type=\"widget\" data-widget_type=\"heading.default\">\n\t\t\t\t<div class=\"elementor-widget-container\">\n\t\t\t<style>\/*! elementor - v3.14.0 - 26-06-2023 *\/\n.elementor-heading-title{padding:0;margin:0;line-height:1}.elementor-widget-heading .elementor-heading-title[class*=elementor-size-]>a{color:inherit;font-size:inherit;line-height:inherit}.elementor-widget-heading .elementor-heading-title.elementor-size-small{font-size:15px}.elementor-widget-heading .elementor-heading-title.elementor-size-medium{font-size:19px}.elementor-widget-heading .elementor-heading-title.elementor-size-large{font-size:29px}.elementor-widget-heading .elementor-heading-title.elementor-size-xl{font-size:39px}.elementor-widget-heading .elementor-heading-title.elementor-size-xxl{font-size:59px}<\/style><h2 class=\"elementor-heading-title elementor-size-default\">Distribuer ou utiliser nos coffrets pour gaufres de Li\u00e8ge au sucre perl\u00e9<\/h2>\t\t<\/div>\n\t\t\t\t<\/div>\n\t\t\t\t<div class=\"elementor-element elementor-element-fc12db2 elementor-widget elementor-widget-text-editor\" data-id=\"fc12db2\" data-element_type=\"widget\" data-widget_type=\"text-editor.default\">\n\t\t\t\t<div class=\"elementor-widget-container\">\n\t\t\t<style>\/*! elementor - v3.14.0 - 26-06-2023 *\/\n.elementor-widget-text-editor.elementor-drop-cap-view-stacked .elementor-drop-cap{background-color:#69727d;color:#fff}.elementor-widget-text-editor.elementor-drop-cap-view-framed .elementor-drop-cap{color:#69727d;border:3px solid;background-color:transparent}.elementor-widget-text-editor:not(.elementor-drop-cap-view-default) .elementor-drop-cap{margin-top:8px}.elementor-widget-text-editor:not(.elementor-drop-cap-view-default) .elementor-drop-cap-letter{width:1em;height:1em}.elementor-widget-text-editor .elementor-drop-cap{float:left;text-align:center;line-height:1;font-size:50px}.elementor-widget-text-editor .elementor-drop-cap-letter{display:inline-block}<\/style>\t\t\t\t<p>Nous sommes ravis de proposer L&rsquo;Atelier de Mady \u00e0 nos partenaires afin qu&rsquo;ils puissent ajouter dans leur gamme nos d\u00e9licieuses gaufres de Li\u00e8ge.&nbsp;<\/p>\n<p>Les fournisseurs, magasins sp\u00e9cialis\u00e9s et professionnels CHR \/ HoReCa qui recherchent un produit authentique appr\u00e9ci\u00e9 par les amateurs de cuisine belge, notre pack de gaufres de Li\u00e8ge est le choix id\u00e9al pour votre gamme.&nbsp;<\/p>\n<p>En choisissant de vendre nos gaufres de Li\u00e8ge, vous avez l&rsquo;assurance de proposer des produits de haute qualit\u00e9 \u00e0 vos clients. Notre coffret d&rsquo;ingr\u00e9dients est soigneusement con\u00e7u et contient tout ce dont vos clients ont besoin pour pr\u00e9parer des gaufres de Li\u00e8ge authentiques chez eux. Avec notre mix exclusif et notre sucre perl\u00e9 belge de premi\u00e8re qualit\u00e9, vos clients pourront savourer des gaufres d\u00e9licieuses et irr\u00e9sistibles.<\/p>\t\t\t\t\t\t<\/div>\n\t\t\t\t<\/div>\n\t\t\t\t<div class=\"elementor-element elementor-element-63db03b elementor-widget elementor-widget-heading\" data-id=\"63db03b\" data-element_type=\"widget\" data-widget_type=\"heading.default\">\n\t\t\t\t<div class=\"elementor-widget-container\">\n\t\t\t<h2 class=\"elementor-heading-title elementor-size-default\">Qui sont nos clients professionnels?<\/h2>\t\t<\/div>\n\t\t\t\t<\/div>\n\t\t\t\t<div class=\"elementor-element elementor-element-83343c0 elementor-widget elementor-widget-text-editor\" data-id=\"83343c0\" data-element_type=\"widget\" data-widget_type=\"text-editor.default\">\n\t\t\t\t<div class=\"elementor-widget-container\">\n\t\t\t\t\t\t\t<p>Les clients qui utilisent nos packs de gaufres de Li\u00e8ge sont divers :<\/p><ul><li><strong>Epiceries fines et magasins sp\u00e9cialis\u00e9s en produits alimentaires<\/strong> : ces \u00e9tablissements se concentrent sur la vente de produits gastronomiques de haute qualit\u00e9.\u00a0<\/li><li><strong>Glaciers artisanaux et salons de cr\u00e8me glac\u00e9e :<\/strong> les glaciers sont toujours \u00e0 la recherche de nouvelles saveurs et de d\u00e9licieuses garnitures pour accompagner leurs cr\u00e9ations glac\u00e9es. Les gaufres de Li\u00e8ge au sucre perl\u00e9 sont une garniture attrayante et croquante pour les coupes de glace ou les cornets, offrant une exp\u00e9rience unique et gourmande \u00e0 leurs clients.<\/li><li><strong>Caf\u00e9s et salons de th\u00e9 :<\/strong> ces \u00e9tablissements offrent une exp\u00e9rience culinaire m\u00e9morable. Les gaufres de Li\u00e8ge sont un met irr\u00e9sistible \u00e0 ajouter \u00e0 leur menu.\u00a0<\/li><li><strong>H\u00f4tels et maisons d&rsquo;h\u00f4tes :<\/strong> ces \u00e9tablissements d&rsquo;h\u00e9bergement proposent les gaufres au sucre comme une d\u00e9licieuse surprise pour leurs clients, que ce soit en tant que petit-d\u00e9jeuner sp\u00e9cial ou en tant que collation de bienvenue.<\/li><li><strong>CHR, restaurants et traiteurs :<\/strong> notre pack pour gaufres de Li\u00e8ge est un ajout unique \u00e0 leurs offres de menus pour des \u00e9v\u00e9nements sp\u00e9ciaux, des r\u00e9ceptions ou des pauses caf\u00e9.<\/li><li><strong>Les chocolatiers :<\/strong>\u00a0ils sont constamment \u00e0 la recherche de nouvelles id\u00e9es pour agr\u00e9menter leurs cr\u00e9ations. Les gaufres de Li\u00e8ge, avec leur texture croustillante et leur sucre perl\u00e9, s&rsquo;int\u00e8grent parfaitement dans leurs assortiments de chocolats et offrent une combinaison irr\u00e9sistible de saveurs qui s\u00e9duira les amateurs de chocolat.<\/li><li><strong>Les food-trucks ou camions restaurants :\u00a0<\/strong>r\u00e9put\u00e9s pour proposer des plats originaux et d\u00e9licieux. Les gaufres au sucre peuvent ajouter une touche gourmande et authentique \u00e0 leur menu, attirant les passants gr\u00e2ce \u00e0 l&rsquo;odeur vanill\u00e9e.\u00a0<\/li><li><strong>Entreprises cherchant des cadeaux d&rsquo;affaires :<\/strong> Notre pack de gaufres de Li\u00e8ge au sucre perl\u00e9 est une option parfaite pour les cadeaux d&rsquo;affaires. Offrez \u00e0 vos clients, partenaires commerciaux ou employ\u00e9s un cadeau unique et gourmand qui repr\u00e9sente la tradition et la qualit\u00e9 belge.<\/li><li><strong>March\u00e9s de No\u00ebl &amp; chalets de No\u00ebl :\u00a0<\/strong>ils sont le lieu id\u00e9al pour offrir aux visiteurs une exp\u00e9rience culinaire typique de la saison festive. Nos gaufres de Li\u00e8ge sont un incontournables des march\u00e9s de No\u00ebl, offrant chaleur et convivialit\u00e9, et attirant les gourmands \u00e0 la recherche d&rsquo;un plaisir sucr\u00e9 hivernal.<\/li><li><strong>March\u00e9s et \u00e9v\u00e9nements culinaires :<\/strong> les stands et \u00e9v\u00e9nements mettant en avant la gastronomie locale et les produits artisanaux sont de bons endroits pour promouvoir et vendre des gaufres de Li\u00e8ge.<\/li><li><strong>Entreprises de vente en ligne :<\/strong> les plateformes de vente en ligne sp\u00e9cialis\u00e9es dans les produits gastronomiques sont un canal de distribution int\u00e9ressant pour notre pack de gaufres.<\/li><li><strong>Boutiques de souvenirs et de cadeaux :<\/strong>\u00a0les touristes et les amateurs de culture belge cherchent souvent des souvenirs gastronomiques uniques. Notre pack de gaufres de Li\u00e8ge constitue un cadeau savoureux et authentique.<\/li><\/ul><div>Ces clients divers t\u00e9moignent de la polyvalence de notre pack de gaufres de Li\u00e8ge au sucre perl\u00e9, s&rsquo;adaptant parfaitement aux diff\u00e9rents environnements et occasions culinaires. Qu&rsquo;ils soient servis dans des \u00e9tablissements gastronomiques, des \u00e9v\u00e9nements sp\u00e9ciaux, des boutiques de souvenirs ou des food-trucks en plein, nos d\u00e9licieuses gaufres de Li\u00e8ge raviront les papilles des consommateurs et les transporteront en plein coeur\u00a0de la tradition belge.<\/div><div>\u00a0<\/div><div>N&rsquo;h\u00e9sitez pas \u00e0 nous contacter, nous serions ravis de discuter des possibilit\u00e9s de collaboration. Vous pouvez nous joindre par e-mail \u00e0\u00a0<a style=\"font-family: var( --e-global-typography-text-font-family ), Sans-serif; background-color: #ffffff;\" href=\"mailto:mady@latelierdemady.be\" target=\"_blank\" rel=\"noopener\">mady@latelierdemady.b<\/a>\u00a0<span style=\"color: var( --e-global-color-secondary ); font-family: var( --e-global-typography-text-font-family ), Sans-serif; font-weight: var( --e-global-typography-text-font-weight );\">ou par t\u00e9l\u00e9phone au +32 (0)19 63 63 98.<\/span><\/div>\t\t\t\t\t\t<\/div>\n\t\t\t\t<\/div>\n\t\t\t\t<div class=\"elementor-element elementor-element-b91d6e7 elementor-align-center elementor-widget elementor-widget-button\" data-id=\"b91d6e7\" data-element_type=\"widget\" data-widget_type=\"button.default\">\n\t\t\t\t<div class=\"elementor-widget-container\">\n\t\t\t\t\t<div class=\"elementor-button-wrapper\">\n\t\t\t<a class=\"elementor-button elementor-button-link elementor-size-lg\" href=\"mailto:mady@latelierdemady.be\">\n\t\t\t\t\t\t<span class=\"elementor-button-content-wrapper\">\n\t\t\t\t\t\t<span class=\"elementor-button-text\">CONTACTEZ-NOUS<\/span>\n\t\t<\/span>\n\t\t\t\t\t<\/a>\n\t\t<\/div>\n\t\t\t\t<\/div>\n\t\t\t\t<\/div>\n\t\t\t\t<div class=\"elementor-element elementor-element-b2d3806 elementor-widget elementor-widget-image\" data-id=\"b2d3806\" data-element_type=\"widget\" data-widget_type=\"image.default\">\n\t\t\t\t<div class=\"elementor-widget-container\">\n\t\t\t\t\t\t\t\t\t\t\t\t\t\t\t<img loading=\"lazy\" decoding=\"async\" width=\"1000\" height=\"842\" src=\"https:\/\/i0.wp.com\/latelierdemady.be\/wp-content\/uploads\/2023\/06\/food-truck-professionnel.jpg?fit=1000%2C842&amp;ssl=1\" class=\"attachment-large size-large wp-image-454\" alt=\"\" srcset=\"https:\/\/i0.wp.com\/latelierdemady.be\/wp-content\/uploads\/2023\/06\/food-truck-professionnel.jpg?w=1000&amp;ssl=1 1000w, https:\/\/i0.wp.com\/latelierdemady.be\/wp-content\/uploads\/2023\/06\/food-truck-professionnel.jpg?resize=300%2C253&amp;ssl=1 300w, https:\/\/i0.wp.com\/latelierdemady.be\/wp-content\/uploads\/2023\/06\/food-truck-professionnel.jpg?resize=768%2C647&amp;ssl=1 768w, https:\/\/i0.wp.com\/latelierdemady.be\/wp-content\/uploads\/2023\/06\/food-truck-professionnel.jpg?resize=138%2C116&amp;ssl=1 138w\" sizes=\"auto, (max-width: 1000px) 100vw, 1000px\" \/>\t\t\t\t\t\t\t\t\t\t\t\t\t\t\t<\/div>\n\t\t\t\t<\/div>\n\t\t\t\t\t<\/div>\n\t\t<\/div>\n\t\t\t\t\t\t\t<\/div>\n\t\t<\/section>\n\t\t\t\t\t\t\t<\/div>\n\t\t","protected":false},"excerpt":{"rendered":"<p>Distribuer ou utiliser nos coffrets pour gaufres de Li\u00e8ge au sucre perl\u00e9 Nous sommes ravis de proposer L&rsquo;Atelier de Mady \u00e0 nos partenaires afin qu&rsquo;ils puissent ajouter dans leur gamme nos d\u00e9licieuses gaufres de Li\u00e8ge.&nbsp; Les fournisseurs, magasins sp\u00e9cialis\u00e9s et professionnels CHR \/ HoReCa qui recherchent un produit authentique appr\u00e9ci\u00e9 par les amateurs de cuisine<\/p>\n<div><a class=\"btn-filled btn\" href=\"https:\/\/latelierdemady.be\/index.php\/professionnels\/\" title=\"PROFESSIONNELS\">Lire la suite<\/a><\/div>\n","protected":false},"author":2,"featured_media":0,"parent":0,"menu_order":0,"comment_status":"closed","ping_status":"closed","template":"","meta":{"footnotes":""},"class_list":["post-433","page","type-page","status-publish","hentry"],"yoast_head":"<!-- This site is optimized with the Yoast SEO plugin v27.4 - https:\/\/yoast.com\/product\/yoast-seo-wordpress\/ -->\n<title>Vendre des packs de gaufres de Li\u00e8ge au sucre perl\u00e9 | L&#039;AdM<\/title>\n<meta name=\"description\" content=\"Elargissez votre offre avec nos coffrets d&#039;ingr\u00e9dients haut de gamme pour pr\u00e9parer les v\u00e9ritables gaufres de Li\u00e8ge !\" \/>\n<meta name=\"robots\" content=\"index, follow, max-snippet:-1, max-image-preview:large, max-video-preview:-1\" \/>\n<link rel=\"canonical\" href=\"https:\/\/latelierdemady.be\/index.php\/professionnels\/\" \/>\n<meta property=\"og:locale\" content=\"fr_FR\" \/>\n<meta property=\"og:type\" content=\"article\" \/>\n<meta property=\"og:title\" content=\"Vendre des packs de gaufres de Li\u00e8ge au sucre perl\u00e9 | L&#039;AdM\" \/>\n<meta property=\"og:description\" content=\"Elargissez votre offre avec nos coffrets d&#039;ingr\u00e9dients haut de gamme pour pr\u00e9parer les v\u00e9ritables gaufres de Li\u00e8ge !\" \/>\n<meta property=\"og:url\" content=\"https:\/\/latelierdemady.be\/index.php\/professionnels\/\" \/>\n<meta property=\"og:site_name\" content=\"L&#039;Atelier de Mady\" \/>\n<meta property=\"article:modified_time\" content=\"2023-06-30T15:02:47+00:00\" \/>\n<meta property=\"og:image\" content=\"https:\/\/latelierdemady.be\/wp-content\/uploads\/2023\/06\/gaufre-au-sucre-pack-ingredients-Latelier-de-mady.jpg\" \/>\n<meta name=\"twitter:card\" content=\"summary_large_image\" \/>\n<meta name=\"twitter:label1\" content=\"Dur\u00e9e de lecture estim\u00e9e\" \/>\n\t<meta name=\"twitter:data1\" content=\"4 minutes\" \/>\n<script type=\"application\/ld+json\" class=\"yoast-schema-graph\">{\"@context\":\"https:\\\/\\\/schema.org\",\"@graph\":[{\"@type\":\"WebPage\",\"@id\":\"https:\\\/\\\/latelierdemady.be\\\/index.php\\\/professionnels\\\/\",\"url\":\"https:\\\/\\\/latelierdemady.be\\\/index.php\\\/professionnels\\\/\",\"name\":\"Vendre des packs de gaufres de Li\u00e8ge au sucre perl\u00e9 | L'AdM\",\"isPartOf\":{\"@id\":\"https:\\\/\\\/latelierdemady.be\\\/#website\"},\"primaryImageOfPage\":{\"@id\":\"https:\\\/\\\/latelierdemady.be\\\/index.php\\\/professionnels\\\/#primaryimage\"},\"image\":{\"@id\":\"https:\\\/\\\/latelierdemady.be\\\/index.php\\\/professionnels\\\/#primaryimage\"},\"thumbnailUrl\":\"https:\\\/\\\/latelierdemady.be\\\/wp-content\\\/uploads\\\/2023\\\/06\\\/gaufre-au-sucre-pack-ingredients-Latelier-de-mady.jpg\",\"datePublished\":\"2023-06-26T09:47:31+00:00\",\"dateModified\":\"2023-06-30T15:02:47+00:00\",\"description\":\"Elargissez votre offre avec nos coffrets d'ingr\u00e9dients haut de gamme pour pr\u00e9parer les v\u00e9ritables gaufres de Li\u00e8ge !\",\"breadcrumb\":{\"@id\":\"https:\\\/\\\/latelierdemady.be\\\/index.php\\\/professionnels\\\/#breadcrumb\"},\"inLanguage\":\"fr-FR\",\"potentialAction\":[{\"@type\":\"ReadAction\",\"target\":[\"https:\\\/\\\/latelierdemady.be\\\/index.php\\\/professionnels\\\/\"]}]},{\"@type\":\"ImageObject\",\"inLanguage\":\"fr-FR\",\"@id\":\"https:\\\/\\\/latelierdemady.be\\\/index.php\\\/professionnels\\\/#primaryimage\",\"url\":\"https:\\\/\\\/i0.wp.com\\\/latelierdemady.be\\\/wp-content\\\/uploads\\\/2023\\\/06\\\/gaufre-au-sucre-pack-ingredients-Latelier-de-mady.jpg?fit=1000%2C668&ssl=1\",\"contentUrl\":\"https:\\\/\\\/i0.wp.com\\\/latelierdemady.be\\\/wp-content\\\/uploads\\\/2023\\\/06\\\/gaufre-au-sucre-pack-ingredients-Latelier-de-mady.jpg?fit=1000%2C668&ssl=1\",\"width\":1000,\"height\":668},{\"@type\":\"BreadcrumbList\",\"@id\":\"https:\\\/\\\/latelierdemady.be\\\/index.php\\\/professionnels\\\/#breadcrumb\",\"itemListElement\":[{\"@type\":\"ListItem\",\"position\":1,\"name\":\"Accueil\",\"item\":\"https:\\\/\\\/latelierdemady.be\\\/\"},{\"@type\":\"ListItem\",\"position\":2,\"name\":\"PROFESSIONNELS\"}]},{\"@type\":\"WebSite\",\"@id\":\"https:\\\/\\\/latelierdemady.be\\\/#website\",\"url\":\"https:\\\/\\\/latelierdemady.be\\\/\",\"name\":\"L&#039;Atelier de Mady\",\"description\":\"Pack d&#039;ingr\u00e9dients pour gaufres de Li\u00e8ge de qualit\u00e9 traditionnelles\",\"publisher\":{\"@id\":\"https:\\\/\\\/latelierdemady.be\\\/#organization\"},\"potentialAction\":[{\"@type\":\"SearchAction\",\"target\":{\"@type\":\"EntryPoint\",\"urlTemplate\":\"https:\\\/\\\/latelierdemady.be\\\/?s={search_term_string}\"},\"query-input\":{\"@type\":\"PropertyValueSpecification\",\"valueRequired\":true,\"valueName\":\"search_term_string\"}}],\"inLanguage\":\"fr-FR\"},{\"@type\":\"Organization\",\"@id\":\"https:\\\/\\\/latelierdemady.be\\\/#organization\",\"name\":\"L&#039;Atelier de Mady\",\"url\":\"https:\\\/\\\/latelierdemady.be\\\/\",\"logo\":{\"@type\":\"ImageObject\",\"inLanguage\":\"fr-FR\",\"@id\":\"https:\\\/\\\/latelierdemady.be\\\/#\\\/schema\\\/logo\\\/image\\\/\",\"url\":\"https:\\\/\\\/i0.wp.com\\\/latelierdemady.be\\\/wp-content\\\/uploads\\\/2022\\\/05\\\/Logo-Mady-NB-e1671545156348.jpg?fit=181%2C100&ssl=1\",\"contentUrl\":\"https:\\\/\\\/i0.wp.com\\\/latelierdemady.be\\\/wp-content\\\/uploads\\\/2022\\\/05\\\/Logo-Mady-NB-e1671545156348.jpg?fit=181%2C100&ssl=1\",\"width\":181,\"height\":100,\"caption\":\"L&#039;Atelier de Mady\"},\"image\":{\"@id\":\"https:\\\/\\\/latelierdemady.be\\\/#\\\/schema\\\/logo\\\/image\\\/\"}}]}<\/script>\n<!-- \/ Yoast SEO plugin. -->","yoast_head_json":{"title":"Vendre des packs de gaufres de Li\u00e8ge au sucre perl\u00e9 | L'AdM","description":"Elargissez votre offre avec nos coffrets d'ingr\u00e9dients haut de gamme pour pr\u00e9parer les v\u00e9ritables gaufres de Li\u00e8ge !","robots":{"index":"index","follow":"follow","max-snippet":"max-snippet:-1","max-image-preview":"max-image-preview:large","max-video-preview":"max-video-preview:-1"},"canonical":"https:\/\/latelierdemady.be\/index.php\/professionnels\/","og_locale":"fr_FR","og_type":"article","og_title":"Vendre des packs de gaufres de Li\u00e8ge au sucre perl\u00e9 | L'AdM","og_description":"Elargissez votre offre avec nos coffrets d'ingr\u00e9dients haut de gamme pour pr\u00e9parer les v\u00e9ritables gaufres de Li\u00e8ge !","og_url":"https:\/\/latelierdemady.be\/index.php\/professionnels\/","og_site_name":"L&#039;Atelier de Mady","article_modified_time":"2023-06-30T15:02:47+00:00","og_image":[{"url":"https:\/\/latelierdemady.be\/wp-content\/uploads\/2023\/06\/gaufre-au-sucre-pack-ingredients-Latelier-de-mady.jpg","type":"","width":"","height":""}],"twitter_card":"summary_large_image","twitter_misc":{"Dur\u00e9e de lecture estim\u00e9e":"4 minutes"},"schema":{"@context":"https:\/\/schema.org","@graph":[{"@type":"WebPage","@id":"https:\/\/latelierdemady.be\/index.php\/professionnels\/","url":"https:\/\/latelierdemady.be\/index.php\/professionnels\/","name":"Vendre des packs de gaufres de Li\u00e8ge au sucre perl\u00e9 | L'AdM","isPartOf":{"@id":"https:\/\/latelierdemady.be\/#website"},"primaryImageOfPage":{"@id":"https:\/\/latelierdemady.be\/index.php\/professionnels\/#primaryimage"},"image":{"@id":"https:\/\/latelierdemady.be\/index.php\/professionnels\/#primaryimage"},"thumbnailUrl":"https:\/\/latelierdemady.be\/wp-content\/uploads\/2023\/06\/gaufre-au-sucre-pack-ingredients-Latelier-de-mady.jpg","datePublished":"2023-06-26T09:47:31+00:00","dateModified":"2023-06-30T15:02:47+00:00","description":"Elargissez votre offre avec nos coffrets d'ingr\u00e9dients haut de gamme pour pr\u00e9parer les v\u00e9ritables gaufres de Li\u00e8ge !","breadcrumb":{"@id":"https:\/\/latelierdemady.be\/index.php\/professionnels\/#breadcrumb"},"inLanguage":"fr-FR","potentialAction":[{"@type":"ReadAction","target":["https:\/\/latelierdemady.be\/index.php\/professionnels\/"]}]},{"@type":"ImageObject","inLanguage":"fr-FR","@id":"https:\/\/latelierdemady.be\/index.php\/professionnels\/#primaryimage","url":"https:\/\/i0.wp.com\/latelierdemady.be\/wp-content\/uploads\/2023\/06\/gaufre-au-sucre-pack-ingredients-Latelier-de-mady.jpg?fit=1000%2C668&ssl=1","contentUrl":"https:\/\/i0.wp.com\/latelierdemady.be\/wp-content\/uploads\/2023\/06\/gaufre-au-sucre-pack-ingredients-Latelier-de-mady.jpg?fit=1000%2C668&ssl=1","width":1000,"height":668},{"@type":"BreadcrumbList","@id":"https:\/\/latelierdemady.be\/index.php\/professionnels\/#breadcrumb","itemListElement":[{"@type":"ListItem","position":1,"name":"Accueil","item":"https:\/\/latelierdemady.be\/"},{"@type":"ListItem","position":2,"name":"PROFESSIONNELS"}]},{"@type":"WebSite","@id":"https:\/\/latelierdemady.be\/#website","url":"https:\/\/latelierdemady.be\/","name":"L&#039;Atelier de Mady","description":"Pack d&#039;ingr\u00e9dients pour gaufres de Li\u00e8ge de qualit\u00e9 traditionnelles","publisher":{"@id":"https:\/\/latelierdemady.be\/#organization"},"potentialAction":[{"@type":"SearchAction","target":{"@type":"EntryPoint","urlTemplate":"https:\/\/latelierdemady.be\/?s={search_term_string}"},"query-input":{"@type":"PropertyValueSpecification","valueRequired":true,"valueName":"search_term_string"}}],"inLanguage":"fr-FR"},{"@type":"Organization","@id":"https:\/\/latelierdemady.be\/#organization","name":"L&#039;Atelier de Mady","url":"https:\/\/latelierdemady.be\/","logo":{"@type":"ImageObject","inLanguage":"fr-FR","@id":"https:\/\/latelierdemady.be\/#\/schema\/logo\/image\/","url":"https:\/\/i0.wp.com\/latelierdemady.be\/wp-content\/uploads\/2022\/05\/Logo-Mady-NB-e1671545156348.jpg?fit=181%2C100&ssl=1","contentUrl":"https:\/\/i0.wp.com\/latelierdemady.be\/wp-content\/uploads\/2022\/05\/Logo-Mady-NB-e1671545156348.jpg?fit=181%2C100&ssl=1","width":181,"height":100,"caption":"L&#039;Atelier de Mady"},"image":{"@id":"https:\/\/latelierdemady.be\/#\/schema\/logo\/image\/"}}]}},"jetpack_sharing_enabled":true,"_links":{"self":[{"href":"https:\/\/latelierdemady.be\/index.php\/wp-json\/wp\/v2\/pages\/433","targetHints":{"allow":["GET"]}}],"collection":[{"href":"https:\/\/latelierdemady.be\/index.php\/wp-json\/wp\/v2\/pages"}],"about":[{"href":"https:\/\/latelierdemady.be\/index.php\/wp-json\/wp\/v2\/types\/page"}],"author":[{"embeddable":true,"href":"https:\/\/latelierdemady.be\/index.php\/wp-json\/wp\/v2\/users\/2"}],"replies":[{"embeddable":true,"href":"https:\/\/latelierdemady.be\/index.php\/wp-json\/wp\/v2\/comments?post=433"}],"version-history":[{"count":48,"href":"https:\/\/latelierdemady.be\/index.php\/wp-json\/wp\/v2\/pages\/433\/revisions"}],"predecessor-version":[{"id":623,"href":"https:\/\/latelierdemady.be\/index.php\/wp-json\/wp\/v2\/pages\/433\/revisions\/623"}],"wp:attachment":[{"href":"https:\/\/latelierdemady.be\/index.php\/wp-json\/wp\/v2\/media?parent=433"}],"curies":[{"name":"wp","href":"https:\/\/api.w.org\/{rel}","templated":true}]}}